ase 9.
-17234
Convert 15311 (base 9) to base 13.
49b7
Convert -130421 (base 5) to base 10.
-5111
Convert 130 (base 11) to base 9.
181
What is -102020 (base 3) in base 7?
-612
10002 (base 3) to base 4
1103
1022230 (base 4) to base 13
2239
What is -240 (base 14) in base 6?
-2024
What is -20122 (base 3) in base 8?
-263
Convert -13443 (base 8) to base 14.
-2231
2fdf (base 16) to base 4
2333133
What is 1a03 (base 16) in base 3?
100010122
What is -2022203 (base 4) in base 11?
-6731
72340 (base 8) to base 13
10807
259 (base 15) to base 4
20112
1a7 (base 12) to base 11
227
What is -20004 (base 6) in base 16?
-a24
1413 (base 8) to base 14
3d9
48070 (base 9) to base 15
97c9
Convert b2b (base 16) to base 7.
11223
ed (base 15) to base 6
1011
Convert -35 (base 8) to base 4.
-131
What is -401514 (base 6) in base 10?
-31510
Convert 22311 (base 4) to base 13.
414
What is -111655 (base 8) in base 16?
-93ad
What is 10bb (base 13) in base 10?
2351
What is 310042 (base 5) in base 7?
41135
Convert 1419 (base 11) to base 5.
24320
877 (base 12) to base 8
2333
Convert -4306 (base 12) to base 11.
-5582
What is -12330 (base 4) in base 12?
-310
What is -1701 (base 14) in base 11?
-3103
What is -12a8 (base 11) in base 3?
-2022122
3540 (base 11) to base 8
11042
Convert 203300 (base 4) to base 7.
6446
What is -7 (base 11) in base 13?
-7
Convert -4b3 (base 13) to base 3.
-1010110
5ac (base 13) to base 7
2610
-10101001 (base 4) to base 5
-1024343
What is 110012 (base 7) in base 14?
7009
What is -2704 (base 9) in base 2?
-11111101101
Convert 827 (base 9) to base 15.
2ed
What is -33d5 (base 14) in base 13?
-413b
Convert 10010000010 (base 2) to base 3.
1120202
What is -112120220 (base 3) in base 5?
-320020
Convert -3564 (base 10) to base 9.
-4800
What is 1011111100110 (base 2) in base 8?
13746
ad5 (base 15) to base 4
212102
-116145 (base 7) to base 9
-32250
Convert 23323 (base 4) to base 10.
763
What is 753 (base 11) in base 15?
405
What is b64 (base 16) in base 8?
5544
10010101110 (base 2) to base 13
712
Convert -70 (base 10) to base 2.
-1000110
What is -2221 (base 9) in base 16?
-667
Convert -22203 (base 5) to base 14.
-7cd
-26f5 (base 16) to base 4
-2123311
Convert 23a (base 13) to base 11.
322
What is 220221011 (base 3) in base 16?
46ff
What is -3875 (base 15) in base 9?
-17452
633 (base 8) to base 6
1523
Convert -1102221 (base 3) to base 8.
-2033
197 (base 15) to base 14
1c3
What is -1046 (base 11) in base 5?
-21011
-12430 (base 8) to base 10
-5400
What is -1001100100110 (base 2) in base 6?
-34410
What is -3157 (base 8) in base 13?
-999
-201222 (base 3) to base 16
-21b
Convert 110111001000 (base 2) to base 12.
2060
Convert 19325 (base 11) to base 12.
1376a
-5878 (base 9) to base 13
-1ca9
-8026 (base 13) to base 12
-a234
1000100111 (base 2) to base 6
2315
What is a38 (base 14) in base 4?
133122
-4451 (base 12) to base 11
-5743
Convert 1406 (base 8) to base 6.
3330
What is -20211 (base 4) in base 16?
-225
What is 310 (base 11) in base 3?
111212
Convert 2657 (base 13) to base 10.
5480
What is -2215 (base 7) in base 6?
-3404
What is -536 (base 12) in base 14?
-3c6
What is 1000000011 (base 2) in base 7?
1334
-373a (base 12) to base 13
-2abb
What is 1293 (base 13) in base 6?
20143
3d2a (base 14) to base 4
2221002
What is 6d2 (base 16) in base 10?
1746
21003010 (base 4) to base 5
2141220
-283 (base 12) to base 4
-12003
What is -11330 (base 8) in base 12?
-2960
-53110 (base 6) to base 11
-5429
Convert -111110011001 (base 2) to base 4.
-332121
What is 30232 (base 5) in base 13?
b65
What is -122003 (base 6) in base 10?
-10803
What is -79ab (base 13) in base 3?
-212101011
What is 10312 (base 4) in base 2?
100110110
What is 10114 (base 11) in base 5?
433102
What is 83 (base 12) in base 10?
99
What is -141 (base 9) in base 12?
-9a
What is -394 (base 15) in base 3?
-1010011
Convert 1001 (base 8) to base 10.
513
Convert 14121 (base 5) to base 8.
2211
-2a3 (base 14) to base 2
-1000010111
20101 (base 3) to base 11
147
Convert 3144 (base 8) to base 4.
121210
Convert -ce9 (base 16) to base 14.
-12c1
10100000010101 (base 2) to base 3
112002001
Convert -13c5 (base 15) to base 8.
-10213
Convert 6dc (base 16) to base 12.
1024
996 (base 15) to base 13
ca8
What is -3313 (base 5) in base 13?
-293
-13ee3 (base 16) to base 10
-81635
-101442 (base 7) to base 3
-212211120
What is -21606 (base 7) in base 13?
-262b
Convert 4574 (base 8) to base 3.
10022221
What is 100010000111001 (base 2) in base 7?
101630
110101 (base 2) to base 13
41
What is -38 (base 14) in base 8?
-62
What is -110020102 (base 3) in base 10?
-8921
Convert -3a7 (base 11) to base 12.
-340
e9a (base 15) to base 8
6337
-1200 (base 9) to base 7
-2412
Convert 153b (base 13) to base 2.
110000010100
Convert -199 (base 11) to base 13.
-148
-30e (base 15) to base 10
-689
What is 345145 (base 7) in base 3?
10010210201
What is 47700 (base 8) in base 9?
31004
What is -9997 (base 12) in base 6?
-210311
Convert 3a1 (base 11) to base 6.
2110
Convert -342014 (base 5) to base 16.
-2f66
What is 1110100011100 (base 2) in base 13?
3513
What is 660 (base 9) in base 14?
2a8
Convert -1a7 (base 11) to base 7.
-460
What is 5b9c (base 14) in base 5?
1003024
-3313222 (base 4) to base 12
-920a
10010111111000 (base 2) to base 3
111100000
What is b1cc (base 14) in base 4?
13131200
Convert 303 (base 10) to base 7.
612
-20f (base 16) to base 8
-1017
Convert 100011010 (base 2) to base 5.
2112
Convert 9b0 (base 13) to base 16.
680
16a8 (base 13) to base 5
101344
-ac32 (base 14) to base 3
-1111221001
What is -3048 (base 11) in base 7?
-14536
409 (base 11) to base 4
13231
Convert 6f94 (base 16) to base 3.
1110011221
What is 1221000000 (base 3) in base 13?
14340
-1332 (base 9) to base 7
-2630
-11201021 (base 3) to base 14
-1376
What is -60025 (base 10) in base 5?
-3410100
Convert 315d (base 16) to base 14.
4869
Convert 2240200 (base 5) to base 9.
60840
What is 476 (base 9) in base 16?
189
-1b40 (base 12) to base 16
-d20
Convert -17716 (base 8) to base 3.
-102011120
Convert -a13 (base 13) to base 12.
-ba2
Convert -110 (base 11) to base 9.
-156
What is 10101111011 (base 2) in base 13?
83c
What is 7391 (base 13) in base 11?
1102a
-1609a (base 14) to base 2
-1101011011101000
Convert 1630 (base 14) to base 11.
2a82
11010101010 (base 2) to base 14
89c
Convert 10100000 (base 2) to base 10.
160
What is -67 (base 12) in base 7?
-142
Convert -48a (base 13) to base 14.
-406
-36244 (base 7) to base 5
-300031
Convert -7a9 (base 16) to base 7.
-5501
Convert 1773 (base 10) to base 7.
5112
-10010001011 (base 2) to base 4
-102023
-112223 (base 4) to base 3
-1222202
1701 (base 14) to base 8
10025
-30c (base 15) to base 13
-40b
-6643 (base 7) to base 4
-211033
What is -201132 (base 5) in base 8?
-14421
15230 (base 10) to base 7
62255
1b1cb (base 15) to base 2
10101100001100110
-4222 (base 6) to base 4
-32312
-10320 (base 7) to base 8
-5002
What is -2055 (base 11) in base 3?
-10201211
Convert -253 (base 11) to base 4.
-10230
Convert -2684 (base 13) to base 14.
-2020
What is -10100001 (base 2) in base 8?
-241
What is -293 (base 13) in base 3?
-121222
-1a426 (base 13) to base 14
-1495d
Convert 100001101 (base 2) to base 14.
153
Convert 1392 (base 14) to base 11.
2666
What is 1113012 (base 4) in base 8?
12706
What is -1313 (base 4) in base 8?
-167
What is 3002 (base 4) in base 12?
142
What is 11011001011001 (base 2) in base 7?
55364
Convert -100001110 (base 2) to base 8.
-416
13040 (base 5) to base 3
1101210
466 (base 14) to base 4
31222
-15077 (base 11) to base 6
-242552
-1bb (base 14) to base 10
-361
Convert 47a (base 12) to base 6.
3034
955b (base 12) to base 4
3333113
Convert -190 (base 12) to base 2.
-11111100
Convert -cc25 (base 14) to base 7.
-204645
What is 852 (base 12) in base 15?
55e
What is -2bc (base 15) in base 5?
-10002
Convert -291 (base 14) to base 3.
-201020
What is 22131 (base 4) in base 14?
35b
-99bb (base 12) to base 8
-41137
What is -1233313 (base 4) in base 5?
-212114
Convert 624 (base 12) to base 3.
1020001
What is -13140 (base 6) in base 7?
-5562
What is 98b (base 16) in base 14?
c67
What is -3142 (base 5) in base 7?
-1142
Convert -14301 (base 5) to base 15.
-551
What is -17a8 (base 14) in base 12?
-2574
Convert 647 (base 10) to base 15.
2d2
What is -202302 (base 4